 285 + -263. Calculate the greatest common divisor of 209 and y.
11
Let l = -1 + 14. Let d(f) = 26 - 12 - l - f**2 - 4*f - 3. Let a be d(-3). What is the highest common factor of a and 11?
1
Let y = -35 - -62. Let v be (-7)/(4 - y/6). Let p(d) = -d + 98. Let u be p(0). What is the greatest common factor of v and u?
14
Suppose -6*m + 5*m + 15 = 0. Suppose -m = a - 70. Calculate the greatest common divisor of 5 and a.
5
Let q = 19 - 15. Suppose 4*h = 3*o + 94, 2*h + q*o - 21 = 15. What is the greatest common factor of h and 2?
2
Let h = 9 + -10. Let a be h - -2 - (6 + -9). Suppose 5*z = -4*k + 32, -25 = -3*z - a*k - 1. Calculate the highest common factor of z and 12.
4
Suppose 3*x - 45 = -2*m + 87, -60 = -m - 3*x. What is the greatest common factor of m and 612?
36
Suppose 4*m + 42 = 2*z, 4*z - 6*m = -3*m + 74. What is the greatest common divisor of z and 544?
17
Let q be 6*(-1 - (-6)/4). Let d = 120 - 102. Suppose -q*z + 6*z - d = 0. What is the greatest common factor of z and 66?
6
Let v be -15*(-4)/12 - -119. Suppose 96 = v*m - 121*m. What is the greatest common factor of m and 12?
4
Let y be 1*(1 - 1)/4 + 42. Calculate the greatest common divisor of 672 and y.
42
Suppose 23*t = 28*t - 15. Suppose -2*b + t + 17 = 0. Calculate the highest common factor of 90 and b.
10
Suppose -6*x = -110 - 106. Let t = 192 - 84. Calculate the greatest common divisor of t and x.
36
Let k be -3 + 4 + -2 - -25. Let y be k/(6/(-9) - (-32)/30). Calculate the highest common factor of y and 45.
15
Suppose 14 = 11*r + 47. Let i be (-1*64 - -1)*(r - -2). Calculate the highest common factor of 21 and i.
21
Let c be 2/(-20)*4 - (-396)/15. Let o = 76 - 74. What is the highest common divisor of o and c?
2
Suppose 0 = 131*b - 132*b + 363. What is the greatest common factor of b and 33?
33
Suppose -6*m + 7*m = -9. Let x = 18 - m. Let o = 53 - x. What is the greatest common divisor of 26 and o?
26
Suppose -680 = -43*h - 42*h. What is the greatest common divisor of 304 and h?
8
Let j(o) = -o**2 - 8*o + 6. Let d be j(-5). Suppose 5*t + 20 = 0, 0*t + t + 1159 = 5*y. What is the highest common factor of y and d?
21
Let d = 87 + -96. Let x be -9*(1 - (-123)/d). What is the greatest common divisor of 6 and x?
6
Suppose -1963 = -4*q + 2049. What is the greatest common factor of 59 and q?
59
Let h(z) = 2*z**3 + 10*z**2 + 3*z - 1. Let r be h(-4). What is the highest common factor of 1786 and r?
19
Let x(g) = -g**3 - 2*g**2 + 3. Let w be x(-3). Suppose -6*f = -11*f + 3*l + 225, -4*f = -l - 187. Calculate the highest common divisor of f and w.
12
Let k be (12051/(-6))/(81/(-108)). What is the highest common factor of 103 and k?
103
Suppose 4*k = -4*f - 18 + 82, -2*f = -2*k - 40. Suppose 6*b - f = 5*b. Calculate the highest common divisor of 24 and b.
6
Let o be 2 - (-12)/(-2) - -6. Let l be (9 - 3)/(0 + o). Suppose 12 = l*u - 9. Calculate the greatest common factor of u and 7.
7
Let i(p) = -p + 4. Let s be i(6). Let r be (105/12)/((-7)/28). Let j be s/(-7) - 8075/r. What is the highest common divisor of 21 and j?
21
Let q(y) = -2*y**2 + 41*y + 46. Let l be q(18). Calculate the highest common divisor of 8 and l.
8
Let w = -27 - -27. Suppose w = -7*t + 104 + 22. Calculate the highest common divisor of t and 12.
6
Let m(o) = 54*o + 2. Let n be m(2). Suppose 8*z - 3*z - n = 0. Let b be 1454/6 - 2/6. Calculate the greatest common factor of b and z.
22
Let r(f) be the third derivative of -f**4/24 + 17*f**3/3 - 25*f**2. Let s be r(29). What is the greatest common factor of s and 40?
5
Suppose -4*j = 34 - 762. Let q = -97 + j. What is the greatest common factor of q and 17?
17
Let i = -12 + 10. Let j be (-3 - (-3 + i)) + -4. Let u be j*(-1)/((-4)/(-52)). What is the greatest common factor of u and 39?
13
Suppose -2*w - 4108 = -6*w - 3*g, -2*w + 3*g + 2036 = 0. Calculate the greatest common factor of w and 16.
16
Suppose 0 = -5*z - 180 + 460. What is the highest common factor of 308 and z?
28
Suppose -23*b + 48 = -21*b. Calculate the highest common factor of 8 and b.
8
Let i = -203 - -248. What is the greatest common factor of i and 195?
15
Let n = 311 - 220. What is the greatest common divisor of 26 and n?
13
Let z = -46 + 14. Let u be 12/((-4)/(z/6)). Suppose -4*x + 0 = -32. What is the highest common divisor of x and u?
8
Let c = 10 + 22. Let p = c + -16. Calculate the highest common divisor of 144 and p.
16
Let l(g) = 38*g + 2. Let d be l(1). Let h = d - 35. Suppose 4*j = 4, -5*w - j + h*j + 446 = 0. What is the highest common divisor of w and 10?
10
Let g(m) be the first derivative of 21*m**4/4 + m**2/2 - 3. Let n be g(1). Let q = 104 - 82. Calculate the greatest common factor of q and n.
22
Let n(h) = h**2 - 3*h - 10. Let x be n(5). Suppose x*g + g = 30. What is the greatest common divisor of g and 6?
6
Let f(g) = -9*g**3 - 21*g**2 - 26*g - 4. Let z be f(-1). Suppose 22 = -5*x - 8. Let m be (-7)/(-3) + 2/x. Calculate the highest common divisor of z and m.
2
Let p be (-4)/1*(-51)/(-2). Let d = 254 - 436. Let q = p - d. Calculate the highest common factor of 16 and q.
16
Let y be 3 + 51 + -1 + -3. What is the highest common factor of 30 and y?
10
Suppose j - 6 = -4*p, -j = 3*p - 3*j + 1. Let b = 13 + -7. Let y be b - (0 + (1 - 0)). Calculate the greatest common divisor of y and p.
1
Let d(s) = 12*s + 15. Let a be d(-2). Let n be -1*(7 + 0 + -3 + a). What is the greatest common factor of 3 and n?
1
Let r be (-140)/(-25) - 3/5. Suppose r*i - 3*i = 16. Calculate the highest common factor of i and 1.
1
Suppose -2*z + 1730 = -7*z. Let u = -171 - z. Suppose 3*x = 5*x - 50. What is the greatest common factor of u and x?
25
Suppose 0*s - c = 2*s - 17, -s + 4*c = -22. Suppose -6*f = -22 + s. Suppose -5*g = -25, 3*g - 25 = -5*t - 0. What is the greatest common divisor of t and f?
2
Let y be (1859/52)/((-1)/(-4)). Calculate the greatest common factor of 26 and y.
13
Let m = -126 - -79. Let s = 95 + m. Calculate the greatest common divisor of s and 192.
48
Let f be (10/(-3))/(21/(-63)). Suppose 39 = -0*y + 3*y. Let n = y - f. Calculate the highest common factor of n and 2.
1
Let x = 536 - 326. Calculate the greatest common divisor of 21 and x.
21
Suppose 4*b + 312 = -5*n, -3*n - 2*n + 4*b = 288. Let x be (-848)/n + (-10)/75. Suppose 0 = -3*c + 417 - 123. Calculate the greatest common factor of x and c.
14
Suppose 4*n - 237 = -s, 47*s - 3*n + 233 = 48*s. Calculate the highest common factor of s and 85.
17
Let m(j) = j**2 - 5*j + 14. Let o be m(5). Suppose 43 = 2*k + 15. Calculate the greatest common divisor of o and k.
14
Let g be (-292)/((-8)/(-16)*-4). Calculate the greatest common factor of g and 511.
73
Let r = 172 + -163. Calculate the highest common divisor of 243 and r.
9
Suppose n - 3*n + 12 = 0. Suppose 0 = -p - n + 23. Calculate the highest common factor of p and 136.
17
Let l be -1*18*2/(-6). Suppose 0 = l*y - 5*y - 4. Suppose -b = b - y. What is the greatest common divisor of b and 14?
2
Suppose 4*g - g = 15. Suppose 5*z = -3*a + 9, 5 - 17 = -4*a - g*z. Suppose -4*b + 70 = -a*b. Calculate the highest common divisor of 14 and b.
14
Suppose -2*h + 92 = -2*t, 4*h - 3*t - 2*t - 182 = 0. Let v be 806/(-4) + (-4)/8. Let z = 208 + v. Calculate the greatest common divisor of h and z.
6
Suppose 6*r - 144 = -0*r. Suppose 3*p + k - 58 = 0, 0*k = -p + 2*k + r. What is the highest common factor of p and 2?
2
Let q(r) = -r**2 + 6*r - 3. Let v = 27 + -22. Let f be q(v). Let t be (-1*28)/((-4)/f). Calculate the highest common factor of 154 and t.
14
Let y(r) = 11*r**2 - 2*r - 3. Let g be y(-2). Suppose -v - g = 4*v. Let w = 20 + v. Calculate the highest common divisor of w and 11.
11
Let v be (-63)/(-15)*10/2. Suppose -78*u + 55*u = -3864. What is the greatest common factor of u and v?
21
Let h(r) be the first derivative of r**3/3 - 5*r**2/2 + 9*r - 7. Let y be h(9). What is the highest common factor of y and 9?
9
Let x = 225 - 141. Let v(g) = -g**3 + 7*g**2 + 4*g + 6. Let q be v(8). Let k = -12 - q. Calculate the greatest common divisor of x and k.
14
Let p be 30/(-135) - (-1138)/18. What is the greatest common factor of p and 9?
9
Let a(z) = -6*z**3 + 3*z**2 - z - 3. Let y be a(-3). What is the highest common factor of y and 54?
27
Suppose 3*b = 71 + 7. Suppose -3*q - b = -5*q. Calculate the greatest 